)/81. Let k(q) = 2*q**2 - 3*q + 11. Let l be k(x). Suppose 0 = 7*s - 3*s - l. List the prime factors of s.
2, 5
Suppose -o - 215 = -26. Let x = o + 344. List the prime factors of x.
5, 31
List the prime factors of (6 + 19 - 20) + 1 + 3933.
3, 13, 101
Suppose -43*s + 45*s = 8. Suppose 2*j + 6 = s*u - 6, -3*j + 10 = u. Suppose 0 = 2*i + j*x - 16, 2 - 7 = 5*x. List the prime factors of i.
3
Let i(w) = w**2 - 15*w + 36. Let m be i(7). Let t = m - -120. Let j = t - -40. List the prime factors of j.
2, 5, 7
Let i(a) = a**3 - 3*a**2 + 3. Let p be i(3). Suppose 0 = -d + p + 3. Let o = d + 18. What are the prime factors of o?
2, 3
Let n(m) = 459*m - 62. Suppose -4*z + o = -13, -3*o = -4*z + 4 + 11. What are the prime factors of n(z)?
5, 263
Suppose 1303*y - 174127 = 1272*y. List the prime factors of y.
41, 137
Let s(o) = 49*o - 50. Let g be -2*(-4 - 2) - (2 - -2). What are the prime factors of s(g)?
2, 3, 19
Let c = -10356 - -22949. What are the prime factors of c?
7, 257
Let m(f) = 177*f. Let l be m(21). Suppose 26*g - l = 17*g. What are the prime factors of g?
7, 59
Let b be (-3)/(-2) - 60/(-40). Suppose w - 1528 = -5*x + 27, -b*x - w + 933 = 0. What are the prime factors of x?
311
Let g = -21 + 13. Let c(n) = -2*n - 13. Let j(l) = 6*l + 37. Let x(k) = g*c(k) - 3*j(k). List the prime factors of x(-5).
3
Let v(b) be the first derivative of 56/3*b**3 - 2*b + 3/2*b**2 - 20. List the prime factors of v(1).
3, 19
Suppose 0 = -3*b - 0*b + 693. Suppose 97 = w + 3*x - b, -2*w + 656 = -x. Suppose 48 - 122 = -q + 3*g, 4*q - w = 4*g. List the prime factors of q.
2, 43
Let z(p) = -2*p**3 - 2*p**2 - 20*p - 41. Let j be z(-6). Suppose -j = -4*f - 147. What are the prime factors of f?
73
Suppose -5*j + 3*j - 3*r - 3 = 0, 4*r + 20 = 0. Suppose -j*p = -2*p. Suppose p = -a - 0*a + 28. What are the prime factors of a?
2, 7
Let z(q) = -q**2 - 50*q - 88. Let m be z(-33). Suppose 3938 - m = 7*i. List the prime factors of i.
3, 5, 11
Suppose -34922 = -10*p + 30228. Suppose -17*n = -p + 1364. List the prime factors of n.
3, 101
Let s(o) = -76*o**3 + o + 5. Let p = 138 + -140. What are the prime factors of s(p)?
13, 47
Let d(p) = 1327*p**2 - 27*p + 46. What are the prime factors of d(5)?
2, 71, 233
List the prime factors of 4/3 - 15930831/(-1827).
3, 17, 19
Let k = 74 - 44. Suppose 4*h - k = -2*h. Suppose h*v = 30 + 80. List the prime factors of v.
2, 11
What are the prime factors of 3*(6 + 1521/(-26))/(4/(-872))?
3, 5, 7, 109
Suppose -3*c + 381 = -2*j, 4*j = 3*c + 92 - 863. Let t = -155 - j. List the prime factors of t.
2, 5
Let p(d) = 35*d**3 - 3*d**2 - 11*d + 86. What are the prime factors of p(6)?
2, 467
Suppose -5*u = -658 - 4827. Let x = u + -707. List the prime factors of x.
2, 3, 5, 13
List the prime factors of (-27321)/(-28) + 27/(-36).
3, 5, 13
Let h(c) = c**3 - 59*c**2 + 114*c + 56. Suppose 0 = -3*v - 10*v + 741. List the prime factors of h(v).
2, 7
Suppose -20124 = 7948*o - 7987*o. List the prime factors of o.
2, 3, 43
Let h = -683 - -718. Suppose h*b + 13048 = 43*b. List the prime factors of b.
7, 233
List the prime factors of (-1)/5*35522*(-14)/((-812)/(-145)).
17761
Suppose 4*f = -4*a + 32, -14*a + 9 = -11*a. Let l(v) = 17*v - 2. What are the prime factors of l(f)?
83
Suppose 2*n + 0*n + 3*k = -325, -2*n + k - 337 = 0. Let g = 428 + n. List the prime factors of g.
3, 29
Let d(q) = -6*q**3 - q - 10. Let c(a) = -2*a + 15. Let s be c(10). List the prime factors of d(s).
5, 149
Let o = 636 + -431. Suppose -5*b + o + 1610 = 0. What are the prime factors of b?
3, 11
Let a be (459/(-90)*2)/(2/(-10)). Suppose 7 - a = -z. Let n = z + 79. What are the prime factors of n?
3, 41
Suppose 30*m - 545347 - 1264689 - 218384 = 0. What are the prime factors of m?
2, 3, 59, 191
Let d = -11910 - -25897. List the prime factors of d.
71, 197
Let a(y) = -y**3 - 9*y**2 - 5*y - 15. Let j be a(-9). Let x be (-2)/((-2)/(-1)) - (j + 253). What are the prime factors of x/(-5 - -1) + 6/(-2)?
2, 17
Let j = 2556 - -4829. What are the prime factors of j?
5, 7, 211
Suppose 1 = x - 5*r, -x + 36 = 5*r + 15. Let c(p) be the first derivative of 4*p**2 - 8*p - 2. What are the prime factors of c(x)?
2, 5
Let q = 23965 - 15905. What are the prime factors of q?
2, 5, 13, 31
Suppose -5*n + 100030 = -36*z + 34*z, 3*n + 2*z - 60034 = 0. What are the prime factors of n?
2, 41, 61
Let u = 30 - 23. Suppose 453 = -2*t + u*t - 2*m, -3*t + 3*m + 279 = 0. Suppose t = 3*i - 184. What are the prime factors of i?
7, 13
Let p be ((-11)/(-3))/(-6*(-9)/162). What are the prime factors of 976 - (6 - (-6 + p))?
3, 5, 13
Let l be 345/3 - (-4 + 5 + 3). Let u = -62 + l. What are the prime factors of u?
7
Suppose 3*x + 5 = 17, 8*x + 24480 = 4*l. What are the prime factors of l?
2, 383
Let p(i) = -34725*i + 370. What are the prime factors of p(-1)?
5, 7019
Let d(t) = -5*t**2 - 10*t - 4. Let i be d(-8). Let r = 201 - i. What are the prime factors of r?
5, 89
Let c = -6418 - -10914. What are the prime factors of c?
2, 281
Suppose n - 2 = 0, 3*n + n + 13 = d. What are the prime factors of -21 + d + 51*13?
3, 13, 17
Suppose 0 = 94*t - 104*t + 20. What are the prime factors of 0 - (-1089)/t - 12/8?
3, 181
Suppose -192*j - 168 = -184*j. Let m(x) = -6*x - 53. Let y(k) = -5*k - 54. Let v(g) = 3*m(g) - 2*y(g). List the prime factors of v(j).
3, 13
Suppose 0 = 4*y + 8, -3*c - 2*y + y = -1444. Let d = 1704 - c. What are the prime factors of d?
2, 13, 47
Suppose -8*h - 173 = 187. Let b be 2/(-3) + 233/3. Let n = b + h. List the prime factors of n.
2
Let c(x) = 23*x**3 - 12*x**2 - 3*x + 3. What are the prime factors of c(8)?
10987
Let u(d) = d**3 + 8*d**2 - 23. Let p be u(-15). Let i = p - -2381. List the prime factors of i.
3, 29
Let v be -3 - (-15 + 10) - 2*-8. Suppose 4*m - 2*x = 46, -2*m + 3*x = 7*x - v. List the prime factors of m.
11
Let h = 35399 + -20829. What are the prime factors of h?
2, 5, 31, 47
Let b(m) = 92*m - 195. Let i be b(30). Suppose 3*x - 4*g - i = 0, 4*g = x - 3*x + 1690. What are the prime factors of x?
23, 37
Let m(z) = 4*z**2 - 4*z + 5. Let g be m(-3). Let d = g - 42. Let x(b) = 5*b + 48. What are the prime factors of x(d)?
103
Suppose -217973 = -82*k - 19533. What are the prime factors of k?
2, 5, 11
Let l(y) = -y**3 + 10*y**2 - 4*y - 8. Let g be l(10). Let k = g - -81. Suppose k*d - 36*d = -36. List the prime factors of d.
2, 3
Suppose 0 = 2*g - j - 8163, -51*j = 3*g - 52*j - 12244. List the prime factors of g.
7, 11, 53
Suppose 71*q + 1048695 = 222*q. List the prime factors of q.
3, 5, 463
Suppose j = -3*z + 14, -3*z - 3*j + 15 = -3. Let u be -5*(-8)/(16/z). Suppose u*l - 13*l + 318 = 0. List the prime factors of l.
2, 53
Suppose -4*h + 137956 = -43*v + 47*v, 172457 = 5*v - h. List the prime factors of v.
3, 11497
Suppose 2*t = -0*t + 174. Let z = t + -67. Suppose 0 = z*h - 24*h + 160. List the prime factors of h.
2, 5
List the prime factors of 7863 - (-20)/6*(-27)/(-18).
2, 7, 281
Suppose -5*n = -d + 340, 2*d + 191 = -3*n + 936. Suppose 3*c = -z + d, c + 0*c = -5*z + 103. What are the prime factors of c?
3, 41
Suppose 2*c - 47101 = -h, 55869 = -5*c + 5*h + 173614. What are the prime factors of c?
2, 3, 5, 157
Let j(c) = -17*c + 34. Suppose 0 = 3*q - 3*p - 8 - 31, 4*q - 52 = p. Let l be j(q). Let u = l - -288. List the prime factors of u.
101
Suppose 3*v = 4*l + 468, 3*v - 156 = 2*v - 2*l. Suppose v - 444 = -4*f + 4*p, 0 = -3*p + 15. Let b = f - 9. What are the prime factors of b?
2, 17
What are the prime factors of (15478/4)/(335/6030)?
3, 71, 109
Let d(x) = -13*x**3 + 13*x**2 - 81*x - 713. List the prime factors of d(-10).
3, 4799
Suppose 3*v + 11 = d, 2*d + 2*v = -v - 23. Let m(q) = -5*q - 18. Let x be m(d). Suppose -3 = -x*k + 3. List the prime factors of k.
3
Suppose -u = 5*c - 244361, -2*c + 20*u = 15*u - 97739. List the prime factors of c.
2, 41, 149
Let h be 6340/6 + 67/201. Let y = -225 + h. List the prime factors of y.
2, 13
Let b = 3899 + -1635. Suppose -4*s + b = 4*x, 0*x = 5*x - s - 2836. List the prime factors of x.
3, 7
Let o(d) = 2244*d + 2651. List the prime factors of o(13).
11, 263
Suppose -3*r + 3*b - 33 = 0, -2*b = 3*r + 3*b + 57. What are the prime factors of (1384/(-5))/(7/(245/r))?
2, 173
Suppose 5*d - 4*m - 87 = 0, 3*d + 2*m - 42 = d. Let l(s) = -11 + 10*s + 30 - d. What are the 